 + -1)*15/(-6). Let x(q) = q**2 - 8*q - 18. Let h be x(-31). Suppose z*s - 7014 = h. Is s prime?
False
Let c = -21930 - -130499. Is c a composite number?
True
Let g be 598/312 + (-1)/(-12). Is (-2 - (-1 + g))/(9/(-20649)) prime?
True
Let h be (2/(-3))/((-7)/(45 + -3)). Is 41752/(1 + 3)*h/8 a composite number?
True
Is (-1 - 20/(-3))/(40/3437160) a composite number?
True
Let k(m) = 258*m + 196*m + 83*m - 75*m - 25. Is k(16) prime?
False
Let c(x) = -33*x**3 + 2*x**2 + x + 7. Let d be c(3). Let j = 2262 + d. Is j composite?
False
Let i = -23203 - -54672. Is i a prime number?
True
Suppose -2*y = j + 4415, -25 = -0*y + 5*y. Let b = j + 10524. Is b a prime number?
False
Suppose 50*k - 2858835 + 475966 - 1790681 = 0. Is k composite?
False
Let z = 456106 - 321374. Suppose z = 14*f + 22998. Is f composite?
True
Let g(w) = 19*w**2 - 2*w + 0*w**3 - 546 + 518 + w**3. Let y be g(-19). Is 536/y + (-27)/45 prime?
True
Let d(h) = h**3 + 7*h**2 - 9*h - 6. Let t be d(-8). Suppose u - o - o + 22 = 0, t*o - 54 = 3*u. Is (52/u + 3)/(1/(-2612)) a prime number?
True
Suppose 880 + 15590 = 6*b. Suppose 3*w - 37 - 2696 = -3*s, 3*s - b = 3*w. Is s a composite number?
True
Suppose -2*y + 39942 = 4*p, 19965 = -237*p + 239*p - 5*y. Is p prime?
False
Suppose 0 = -2*c - 16 + 8. Let n be (105/42)/((-2)/c). Suppose 276 = -n*q + 1201. Is q a composite number?
True
Let q = -10224 + 47003. Is q a composite number?
False
Let m = 118359 - 51568. Is m composite?
False
Let v(r) = -178*r - 3. Let d be v(-19). Suppose -7*b + d = -1409. Let k = b + -435. Is k prime?
False
Let j(y) = -73*y - 27. Let z be j(-1). Suppose -28052 = 42*g - z*g. Is g prime?
True
Let u be 2/1 + -8 + 6. Is u - -4 - (-6612 + 9) a composite number?
False
Suppose -3*s = 0, -n + 4*s = 4*n - 1370. Suppose -5*v = -6*v + n. Let k = v - 83. Is k a composite number?
False
Suppose 17*i + 976238 = 2*q + 20*i, 5*q = 4*i + 2440595. Is q a prime number?
True
Suppose 0 = 2*y + 5*u + 4 - 10, -4*y + 12 = 4*u. Is (-63)/7 + y - -1223 a prime number?
True
Let l(x) = 4213*x - 101. Let z be l(7). Suppose 3*w - 13 = 2. Suppose 0 = -w*m - 5*m + z. Is m a prime number?
True
Suppose 24*l = 21*l + 6. Suppose -5*a + 3*a + 3*f + 4672 = 0, -2*a = l*f - 4662. Is a prime?
True
Let h = 1 + 3. Suppose h*c = 384 + 1592. Let n = c + -165. Is n prime?
False
Let v(j) = -4*j - 14*j + 22*j + 5 + 28*j**2. Let q be v(-2). Suppose -5*n + q + 16 = 0. Is n prime?
False
Let v = 5 + -13. Let s = v + 14. Suppose 961 + 5 = s*c. Is c a prime number?
False
Suppose 2*m - 5*m = 834. Let g be (-21 + 19)/(2/m). Suppose 23 = z - g. Is z a composite number?
True
Let a(r) be the second derivative of 773*r**5/5 + r**4/2 - r**3/3 + r**2 + 13*r. Is a(1) prime?
False
Suppose 66912707 + 51051249 = 281*b - 120129873. Is b composite?
False
Let i = -20675 - -36458. Suppose 2*p - 10522 = 3*m, 10*m - 5*m = 3*p - i. Is p a prime number?
True
Suppose -9316 = -h - k, -64*h + 60*h + 37229 = -3*k. Is h a prime number?
True
Let g(l) = 2*l**2 + 2*l + 1. Let i(n) = 26*n**2 + 3*n + 11. Let a(u) = 6*g(u) + i(u). Is a(12) composite?
False
Let s(w) be the third derivative of 4*w**5/3 + 7*w**4/24 + 25*w**3/6 + 4*w**2 + 4*w. Suppose 0 = -4*n - n - 30. Is s(n) a composite number?
True
Let p = 24972 - -112679. Is p a prime number?
False
Let p(a) = 5554*a + 524. Is p(11) composite?
True
Let m = -950186 + 2512729. Is m composite?
False
Let d = 12437 - 1728. Is d prime?
True
Let f(i) = i**2 + 3*i + 4. Let o be f(-2). Suppose -4*t + o*m + 40 = 0, 0*m - m - 30 = -3*t. Suppose 0*y - 370 = -t*y. Is y a composite number?
False
Let t(j) = -j**2 + 4*j + 5. Suppose 3*f + 3*w = 24, -5*w = 2*f + 7 - 35. Let l be t(f). Is (-4)/18 - l*(-5285)/45 a prime number?
True
Let h be -2 + 1 - 3*-28. Let j = h - 77. Suppose 3*m = -y + 4952, -4*y = -2 + j. Is m prime?
False
Let r = -274 + 277. Let c(m) = 208*m + 35. Is c(r) prime?
True
Suppose -11*s + 192 = s. Is 0 + (86100/s - 1/4) a prime number?
True
Let o = -172 + 177. Let l = 4 - 2. Suppose -3*g - 2*g - l*d + 10243 = 0, g = -o*d + 2044. Is g composite?
True
Suppose 2*w = 568 + 2358. Suppose -2*k - 3*k = 3*i + 4385, w = -i - 2*k. Let v = -284 - i. Is v composite?
False
Is (-531867)/(-13) + ((-9)/(-39))/(3/2) prime?
False
Suppose 0 = 14*n - 6 - 64. Suppose -1327 = -o + 3*b, -n*o = 8*b - 6*b - 6567. Is o composite?
True
Let q(h) = 571*h**2 + 63*h - 317. Is q(23) a composite number?
True
Suppose -20 = 4*w, 2*w = 6*i - 9*i - 7. Let h be -20*i/(15/(-1074)). Let t = -251 + h. Is t prime?
True
Let n be (-2*9/(-8))/(9/36). Suppose -9 = -n*l - 9. Suppose l = -2*x - 4*b + 2838, -x + 5*b + 252 = -1132. Is x prime?
True
Let w = -1427287 + 2012291. Suppose -31*q + 3*q = -w. Is q prime?
False
Let v(y) be the second derivative of -98*y**3/3 - 165*y**2/2 + 209*y. Is v(-14) composite?
False
Let n(a) = -1621*a**2 + 15*a + 48. Let x be n(-5). Is 6 - (x + 1)/3 prime?
True
Let k = -1303642 + 2644551. Is k prime?
False
Let o = 269533 - 187448. Is o a prime number?
False
Let f(u) be the third derivative of 4111*u**4/24 - 9*u**2 + 2. Is f(1) a composite number?
False
Let k be (2/(-5))/(7/(-105)) - 4. Suppose k*j = -2*j + 3*h - 95, 3*j - 3*h + 72 = 0. Let m = 556 - j. Is m a composite number?
True
Let o = 786 + -12. Suppose o = 5*a - 4386. Is -1 - (0 + 7/((-7)/a)) composite?
False
Suppose 0 = -24*c - 12*c - 15*c + 11651817. Is c a prime number?
False
Suppose -35*n - 11*n = -184. Suppose n*z = -5*y + 31288, 0 = -5*z - 52*y + 55*y + 39073. Is z a prime number?
True
Let t = 58 - 52. Suppose t = -2*d + 28. Suppose 786 = d*v - 5*v. Is v composite?
False
Let p = 49 - 61. Let f be ((-16)/p)/(1 + 708/(-711)). Is (42/(-12))/((-634)/f - -2) a composite number?
True
Let k be (-18)/99 + 13/11. Let z = -326 - -327. Is (z + k)*(-2348)/(-8) a prime number?
True
Let w(i) = -i**3 - 24. Let d be w(0). Let h = d + 26. Suppose -2*v = -3*b - 176, 2*v - 6*b + h*b - 172 = 0. Is v prime?
False
Let v(s) = 7*s**2 - 19*s + 34. Let t be v(2). Suppose t*f - 95135 = -35063. Is f prime?
True
Let u = 159 + -44. Let q = -90 + u. Is 34983/15 + 20/q composite?
False
Is (15 - 1133/77)*(-539987)/(-2) prime?
True
Let g be 12/16 + (-1838)/(-8)*335. Suppose 30*l - g = 298543. Is l a composite number?
False
Let q = -8 + 34. Suppose n + 100 = -4*m - n, 5*n - q = 2*m. Let h = 82 + m. Is h prime?
True
Suppose -6*i = -3 + 3. Suppose 5*d = 4*y - 46881, -2*d - 2 = -i. Is y a composite number?
False
Suppose -3*g - 2*g = -25. Suppose c - 50 = 3*b + 108, 158 = c + 5*b. Suppose -g*f + 3*f = -c. Is f composite?
False
Let b = -50800 - -144833. Is b a composite number?
False
Let r(s) = 30*s**2 + 100*s - 75. Let k(u) = -14*u**2 - 50*u + 37. Let d(z) = 13*k(z) + 6*r(z). Is d(-24) a composite number?
False
Suppose -k = z - 118371 + 11942, 106417 = k - 5*z. Is k a prime number?
True
Let l = 136 - 102. Let g = l + -29. Is 2476 + -6 + 2 + g a composite number?
False
Let d be (2 - 1)/(2/(-132)). Let o = -64 - d. Suppose -2 = -4*q + o, -3*i - q = -4432. Is i a composite number?
True
Let y(h) = -h**3 + 76*h**2 + 79*h - 373. Is y(68) composite?
True
Let h = 9791 - -12068. Is h a composite number?
False
Suppose -5*z + 9152 = 3*c, -5*z = 2 - 7. Is c a prime number?
True
Suppose -5*w + 15 = -5*s, -s + 1 = -2*w + 6. Suppose 0*o + 5*o = -3*m + 12, -m + w = o. Suppose 2*y = -2*i + 512, o*y = -0*y + 5*i + 752. Is y a prime number?
False
Let d(o) = 4*o + 22. Let m be d(-28). Let i = m - -153. Suppose -4*p = -i - 13. Is p a composite number?
False
Suppose 3*q + 92963 = 3*t - q, t - 30987 = q. Suppose 6*d - t = 40817. Suppose 3*r + 3*o = d, 4*r + 3*o - 15958 = -0*r. Is r a composite number?
True
Let r = -4806 + 188633. Is r prime?
False
Let y = -513 - -518. Suppose -2*s = -2*d - 20094, 2*s - 20089 = -y*d + 2*d. Is s prime?
False
Let r = -1069 + 1784. Suppose 3032 = d - r. Is d a prime number?
False
Let r = -32598 - -86719. Is r a prime number?
True
Suppose -5*l + 20 = -k, -3*k - 9 = 2*l - 0. Suppose -a = r, 4*r - 1 = -l*a + 2. Suppose -3*s + 85 = r*o - 311, 0 = 4*s - 4*o - 520. Is s a prime number?
True
Let r = 1147349 + -172966. Is r a prime number?
True
Let y be 1/(14/5948) + 44/308. Is 16027/25 - 34/y a prime number?
True
Let m = 79162 - -27975. Is m a composite number?
False
Let r = 434 - 565. Is (r + -48)/(146/74 - 2) composite?
True
Suppose -d + 4*j = j